b**3 + 4*b**2 + 29*b - 3. Calculate q(0).
-3
Let p(j) = j**3 + 8*j**2 - 81*j - 473. Give p(-5).
7
Let o(n) = 11*n**3 - 5*n**2 + 14*n + 4. Determine o(-3).
-380
Let u(n) = 63*n - 3084. What is u(49)?
3
Let j(q) = 4*q**3 - 36*q**2 - 6*q + 92. Calculate j(9).
38
Let r(w) = -9*w**3 + 5*w**2 - 9*w - 4. Determine r(3).
-229
Let q(t) = -14*t**2 - 1623*t + 127. Calculate q(-116).
11
Let j(g) = -97*g + 672. Calculate j(8).
-104
Let y(o) = 31*o**2 - 26*o + 26. Give y(1).
31
Let p(w) = 252*w + 1747. Determine p(-7).
-17
Let a(r) = 9*r + 287. Give a(-28).
35
Let c(f) = f**3 - 9*f**2 - 30*f + 170. What is c(11)?
82
Let l(x) = -x**3 - 34*x**2 + 14*x - 721. What is l(-35)?
14
Let v(n) = -n**2 + 4*n + 1074. Determine v(-33).
-147
Let y(a) = -131*a**2 - 25*a - 6. What is y(-2)?
-480
Let m(h) = h**3 + 13*h**2 - 198*h - 11. Determine m(-22).
-11
Let v(f) = 457*f**2 + 5945*f + 40. Calculate v(-13).
-12
Let k(y) = 46*y - 137. Give k(-10).
-597
Let i(k) = -k**3 + 75*k**2 + 74*k + 187. Determine i(76).
35
Let b(s) = -104*s - 2385. What is b(-23)?
7
Let k(z) = z**3 - 15*z**2 + 55*z - 1143. Give k(16).
-7
Let k(c) = c**2 - 21*c + 70. Calculate k(19).
32
Let h(q) = -q + 33. Determine h(2).
31
Let a(b) = -4*b**2 - 755*b + 2277. Calculate a(3).
-24
Let r(f) = -f**3 + 8*f**2 + 4*f - 19. Determine r(4).
61
Let x(o) = 746*o - 20726. Give x(28).
162
Let p(b) = b**3 - 4*b**2 + 75*b - 421. Determine p(5).
-21
Let v(m) = 6*m**3 - 7*m**2 + 3*m + 10. Determine v(-1).
-6
Let f(z) = -1067*z - 16008. Give f(-15).
-3
Let s(m) = 3*m**2 + 5*m - 32. What is s(5)?
68
Let n(q) = 17*q**2 - 1216*q + 647. Give n(71).
8
Let c(r) = -r**2 - 163*r - 2646. Calculate c(-19).
90
Let s(h) = h**3 - 12*h**2 + 5*h + 10. Give s(12).
70
Let f(d) = -23*d**3 + 2*d**2 + d - 4. Give f(2).
-178
Let l(o) = 2*o**3 + 5*o**2 - 75*o - 5. What is l(-9)?
-383
Let q(b) = -b**3 + 14*b**2 - 7*b - 52. Determine q(6).
194
Let v(s) = 9*s**2 + 26*s + 85. What is v(-3)?
88
Let v(k) = -6*k**2 - 64*k + 186. Give v(3).
-60
Let f(r) = r**2 + 67*r - 306. Calculate f(4).
-22
Let h(i) = -15*i**2 + 125*i + 10. Determine h(7).
150
Let w(f) = -f**3 + 95*f**2 + 403*f - 547. What is w(99)?
146
Let y(g) = 57*g + 216. Give y(-10).
-354
Let r(m) = -m**2 - 80*m - 751. Calculate r(-69).
8
Let x(v) = v**3 - 45*v**2 - 459*v + 10458. Determine x(50).
8
Let i(t) = 60*t - 13. What is i(-2)?
-133
Let f(v) = 127*v + 323. What is f(-2)?
69
Let h(x) = 137*x**2 - 6*x - 7. Calculate h(2).
529
Let z(x) = -27*x - 189. Give z(-15).
216
Let d(c) = -6*c**3 + 12*c**2 - 63*c - 5. Calculate d(5).
-770
Let t(d) = d**3 - 29*d**2 + 172*d - 94. Calculate t(21).
-10
Let p(h) = -6*h**2 + 3*h - 13. Determine p(-8).
-421
Let t(v) = 2*v**3 + 21*v**2 - 123*v - 1207. Determine t(-11).
25
Let l(u) = -u**3 - 31*u**2 + 71*u + 172. What is l(-33)?
7
Let j(s) = 4*s**2 + 70*s + 279. Calculate j(-6).
3
Let j(c) = -3276*c - 6543. What is j(-2)?
9
Let p(k) = 939*k - 895. Give p(1).
44
Let b(h) = -205*h + 2299. Calculate b(9).
454
Let r(s) = -2*s**3 - 49*s**2 - 105*s - 3272. Calculate r(-25).
-22
Let c(x) = -x**3 - 2*x**2 + 32*x - 63. Determine c(2).
-15
Let z(y) = 2*y**2 + 32*y + 187. Calculate z(-24).
571
Let u(a) = -a**2 - 1236*a - 17. What is u(0)?
-17
Let u(z) = 278*z + 1447. What is u(-5)?
57
Let x(s) = s**3 - 50*s**2 + 3*s - 88. Determine x(50).
62
Let w(s) = s**3 + 110*s**2 - 573*s + 376. Give w(-115).
146
Let b(d) = 1467*d - 1458. Give b(1).
9
Let x(w) = 4*w**2 - 53*w - 168. Give x(-3).
27
Let g(z) = z**3 + 7*z**2 - 16. Determine g(-9).
-178
Let t(p) = -1133*p - 3590. What is t(-3)?
-191
Let g(f) = -f**3 - 32*f**2 - 30*f - 90. What is g(-31)?
-121
Let h(a) = -4*a**3 + 489*a**2 - 607*a + 249. What is h(121)?
7
Let j(m) = 8*m + 465. What is j(-75)?
-135
Let s(k) = -2*k**2 - 41*k - 23. What is s(-17)?
96
Let g(u) = 119*u + 3684. What is g(-31)?
-5
Let t(x) = x**2 - 32*x + 251. Calculate t(19).
4
Let s(g) = -g**3 + 77*g**2 - 86*g - 151. Determine s(76).
-911
Let f(c) = -2*c**2 - 13*c + 133. What is f(6)?
-17
Let b(x) = 871*x - 13103. Determine b(15).
-38
Let k(t) = -3*t**2 - 25*t - 110. Give k(-5).
-60
Let a(m) = 2*m**2 - 43*m + 117. Give a(3).
6
Let m(d) = -20*d - 109. What is m(-6)?
11
Let o(t) = -4*t**2 + 3*t + 26. Calculate o(4).
-26
Let p(s) = -426*s + 3842. Give p(9).
8
Let u(j) = -j**3 + 92*j**2 - 117*j + 10763. Calculate u(92).
-1
Let s(g) = -44*g**2 + 483*g - 4. Give s(11).
-15
Let i(f) = 13*f - 229. Determine i(-5).
-294
Let u(c) = 5*c**2 - 73*c - 99. Determine u(16).
13
Let z(n) = 3211*n + 6425. What is z(-2)?
3
Let q(p) = -p**2 - 109*p + 486. Determine q(5).
-84
Let l(r) = -8187*r - 294731. Determine l(-36).
1
Let a(p) = -4*p**2 + 63*p - 21. What is a(14)?
77
Let c(b) = b**3 - 16*b**2 + 68*b + 38. What is c(12)?
278
Let r(t) = 201*t - 21923. Calculate r(109).
-14
Let w(t) = 38*t - 126. Determine w(7).
140
Let k(q) = 1072*q - 9646. Calculate k(9).
2
Let z(l) = l**3 + 110*l**2 - 99*l + 1313. Determine z(-111).
-19
Let z(q) = 4*q**3 - 30*q**2 - 27*q + 85. What is z(8)?
-3
Let f(p) = 5*p**2 - 510*p - 586. Determine f(103).
-71
Let r(o) = o**3 + 127*o**2 + 491*o - 97. Determine r(-123).
26
Let i(t) = t**3 + 16*t**2 + 63*t + 59. Determine i(-10).
29
Let y(d) = -25*d - 2661. What is y(-106)?
-11
Let d(q) = -7*q + 16. Determine d(7).
-33
Let y(z) = -4*z**2 - 85*z + 90. Calculate y(-24).
-174
Let v(k) = 27*k - 360. Give v(16).
72
Let p(n) = -n**3 - 6*n**2 - 1029*n - 7285. What is p(-7)?
-33
Let f(i) = 21*i**2 - 1095*i + 22. Give f(52).
-134
Let y(i) = 370*i - 52906. Give y(143).
4
Let k(q) = -q**3 + 4*q**2 + 3*q - 21. Determine k(5).
-31
Let u(c) = -c**3 - 1072*c**2 - 11668*c + 26. Give u(-11).
-7
Let t(s) = 6*s**2 - 141*s + 222. Give t(22).
24
Let t(b) = -160*b - 469. Give t(-3).
11
Let w(n) = -n**3 - 61*n**2 - 279*n + 63. Calculate w(-56).
7
Let d(a) = a**3 - 6*a**2 - 220*a + 63. Determine d(18).
-9
Let i(f) = 7*f**2 + 12*f - 45. What is i(-4)?
19
Let j(f) = 3*f**3 - 107*f**2 - 37*f + 45. What is j(36)?
9
Let y(t) = -t**3 - 104*t**2 + 326*t + 531. Determine y(-107).
-4
Let o(t) = t**3 + 99*t**2 + 158*t - 3588. Give o(-97).
-96
Let m(q) = 12*q - 81. Determine m(5).
-21
Let x(b) = 22*b**2 + 13*b + 62. Give x(-5).
547
Let j(k) = -1205*k + 75928. Calculate j(63).
13
Let g(a) = 356*a - 2135. What is g(6)?
1
Let p(w) = 45*w + 1272. Give p(-25).
147
Let b(t) = 35*t**2 + 1822*t - 95. What is b(-52)?
-199
Let v(y) = -6*y**3 + 80*y**2 - 27*y + 17. Determine v(13).
4
Let c(d) = d**3 - 18*d**2 - 46*d + 132. What is c(20)?
12
Let r(i) = 100*i - 1593. Give r(16).
7
Let q(u) = 5*u - 69. What is q(13)?
-4
Let p(a) = a**2 + 4*a - 12. Give p(7).
65
Let q(t) = -14*t**2 + 795*t - 611. Determine q(56).
5
Let o(k) = 5*k - 10. Give o(-6).
-40
Let w(s) = -101*s + 1180. Give w(12).
-32
Let v(p) = 14*p - 86. What is v(7)?
12
Let t(l) = -9*l**3 + 352*l**2 + 9*l - 1844. Give t(39).
28
Let i(v) = -v**3 - 22*v**2 + 195*v + 3002. What is i(-25)?
2
Let h(y) = -y**3 - y**2 - 29*y - 185. Give h(-5).
60
Let v(w) = -w**3 - 52*w**2 + 26*w - 4434. Calculate v(-54).
-6
Let u(c) = 23*c + 27. Calculate u(3).
96
Let q(d) = d + 4. Give q(49).
53
Let s(f) = -72*f**2 - 2734*f + 34. Determine s(-38).
-42
Let h(u) = 2*u**3 - 319*u**2 - 165*u + 805. Give h(160).
5
Let s(j) = -2*j**3 + 31*j**2 - 7*j + 5. Give s(15).
125
Let q(x) = 168*x + 6319. Determine q(-38).
-65
Let s(j) = 3*j**2 - 20*j - 35. What is s(-2)?
17
Let c(m) = 2*m**2 + 103*m - 155. What is c(-54)?
115
Let v(b) = 252*b**2 - 2*b - 2. Determine v(1).
248
Let g(l) = 79*l - 5976. Calculate g(76).
28
Let z(n) = -8*n**2 + 78*n + 105. Calculate z(11).
-5
Let w(l) = 3*l**2 + 78*l + 121. Give w(-24).
-23
Let u(h) = -h**3 - 82*h**2 - 1282*h - 21. Give u(-21).
0
Let y(b) = 4*b + 121. Give y(18).
193
Let v(q) = -28*q**2 + q - 7. Determine v(2).
-117
Let i(h) = -h**2 - 99*h - 2329. What is i(-61)?
-11
Let z(x) = -x**2 - 6*x + 329. Determine z(16).
-23
Let o(n) = -2*n**2 + 18*n + 35. Calculate o(11).
-9
Let w(f) = f**2 + 12*f + 42. Calculate w(-3).
15
Let n(x) = 7*x**2 - 387*x + 116. Calculate n(55).
6
Let z(a) = a**3 + 28*a**2 - 171*a - 1. What is z(5)?
-31
Let i(b) = b**2 - 117*b + 109. Give i(116).
-7
Let k(w) = 3*w**2 + 41*w + 98. Calculate k(-3).
2
Let z(u) = -u**3 + 46*u**2 - 481*u + 229. Calculate z(15).
-11
Let o(z) = z**3 - 43*z**2 - 42*z - 126. Determin